inder when 3151 is divided by 63?
1
What is the remainder when 4211 is divided by 12?
11
Calculate the remainder when 78 is divided by 10.
8
What is the remainder when 395 is divided by 85?
55
Calculate the remainder when 799 is divided by 779.
20
Calculate the remainder when 953 is divided by 11.
7
Calculate the remainder when 10034 is divided by 52.
50
Calculate the remainder when 926 is divided by 138.
98
What is the remainder when 933 is divided by 35?
23
What is the remainder when 4101 is divided by 158?
151
Calculate the remainder when 78 is divided by 40.
38
Calculate the remainder when 651 is divided by 74.
59
Calculate the remainder when 69 is divided by 9.
6
Calculate the remainder when 1486 is divided by 264.
166
Calculate the remainder when 911 is divided by 230.
221
Calculate the remainder when 193 is divided by 92.
9
What is the remainder when 249 is divided by 16?
9
Calculate the remainder when 441 is divided by 12.
9
Calculate the remainder when 2145 is divided by 74.
73
Calculate the remainder when 340 is divided by 38.
36
What is the remainder when 1677 is divided by 58?
53
What is the remainder when 1272 is divided by 14?
12
Calculate the remainder when 1257 is divided by 45.
42
What is the remainder when 473 is divided by 14?
11
Calculate the remainder when 814 is divided by 34.
32
What is the remainder when 111 is divided by 39?
33
What is the remainder when 1217 is divided by 8?
1
Calculate the remainder when 397 is divided by 151.
95
What is the remainder when 845 is divided by 7?
5
What is the remainder when 232 is divided by 110?
12
Calculate the remainder when 444 is divided by 17.
2
Calculate the remainder when 3470 is divided by 28.
26
What is the remainder when 3956 is divided by 66?
62
What is the remainder when 884 is divided by 6?
2
Calculate the remainder when 243 is divided by 55.
23
What is the remainder when 42 is divided by 28?
14
Calculate the remainder when 467 is divided by 17.
8
Calculate the remainder when 959 is divided by 81.
68
Calculate the remainder when 6856 is divided by 20.
16
What is the remainder when 97 is divided by 52?
45
What is the remainder when 319 is divided by 92?
43
What is the remainder when 1919 is divided by 32?
31
Calculate the remainder when 11946 is divided by 13.
12
Calculate the remainder when 102 is divided by 7.
4
What is the remainder when 892 is divided by 25?
17
Calculate the remainder when 1306 is divided by 77.
74
Calculate the remainder when 801 is divided by 13.
8
Calculate the remainder when 238 is divided by 142.
96
What is the remainder when 167 is divided by 30?
17
What is the remainder when 2811 is divided by 94?
85
What is the remainder when 769 is divided by 4?
1
What is the remainder when 69 is divided by 22?
3
Calculate the remainder when 1287 is divided by 183.
6
What is the remainder when 381 is divided by 30?
21
What is the remainder when 3197 is divided by 798?
5
Calculate the remainder when 23 is divided by 12.
11
What is the remainder when 2639 is divided by 80?
79
What is the remainder when 942 is divided by 70?
32
What is the remainder when 16 is divided by 10?
6
Calculate the remainder when 58 is divided by 17.
7
Calculate the remainder when 370 is divided by 31.
29
What is the remainder when 93 is divided by 43?
7
What is the remainder when 114 is divided by 21?
9
What is the remainder when 172 is divided by 76?
20
Calculate the remainder when 8093 is divided by 18.
11
What is the remainder when 494 is divided by 248?
246
Calculate the remainder when 731 is divided by 352.
27
What is the remainder when 1186 is divided by 1159?
27
Calculate the remainder when 2521 is divided by 87.
85
What is the remainder when 179 is divided by 92?
87
Calculate the remainder when 308 is divided by 73.
16
Calculate the remainder when 168 is divided by 86.
82
Calculate the remainder when 942 is divided by 16.
14
What is the remainder when 9013 is divided by 4503?
7
What is the remainder when 281 is divided by 155?
126
Calculate the remainder when 1908 is divided by 380.
8
Calculate the remainder when 119 is divided by 16.
7
Calculate the remainder when 294 is divided by 137.
20
Calculate the remainder when 73 is divided by 73.
0
What is the remainder when 10211 is divided by 111?
110
What is the remainder when 4376 is divided by 339?
308
Calculate the remainder when 206 is divided by 11.
8
What is the remainder when 251 is divided by 23?
21
What is the remainder when 3142 is divided by 10?
2
Calculate the remainder when 1618 is divided by 29.
23
What is the remainder when 44 is divided by 42?
2
What is the remainder when 2918 is divided by 122?
112
What is the remainder when 439 is divided by 86?
9
What is the remainder when 316 is divided by 80?
76
Calculate the remainder when 347 is divided by 193.
154
What is the remainder when 1215 is divided by 81?
0
What is the remainder when 1574 is divided by 15?
14
What is the remainder when 672 is divided by 144?
96
Calculate the remainder when 511 is divided by 64.
63
Calculate the remainder when 310 is divided by 26.
24
What is the remainder when 206 is divided by 8?
6
Calculate the remainder when 233 is divided by 22.
13
What is the remainder when 594 is divided by 150?
144
What is the remainder when 525 is divided by 177?
171
Calculate the remainder when 731 is divided by 12.
11
What is the remainder when 103 is divided by 60?
43
Calculate the remainder when 653 is divided by 73.
69
What is the remainder when 534 is divided by 48?
6
Calculate the remainder when 88 is divided by 42.
4
What is the remainder when 1234 is divided by 18?
10
What is the remainder when 77 is divided by 4?
1
What is the remainder when 780 is divided by 27?
24
What is the remainder when 435 is divided by 32?
19
What is the remainder when 382 is divided by 110?
52
Calculate the remainder when 443 is divided by 272.
171
Calculate the remainder when 1946 is divided by 209.
65
What is the remainder when 11278 is divided by 48?
46
What is the remainder when 546 is divided by 34?
2
What is the remainder when 72 is divided by 58?
14
What is the remainder when 39 is divided by 38?
1
What is the remainder when 380 is divided by 147?
86
Calculate the remainder when 273 is divided by 87.
12
What is the remainder when 739 is divided by 11?
2
Calculate the remainder when 812 is divided by 19.
14
Calculate the remainder when 16634 is divided by 59.
55
What is the remainder when 5194 is divided by 23?
19
What is the remainder when 162 is divided by 48?
18
What is the remainder when 1148 is divided by 242?
180
Calculate the remainder when 108 is divided by 16.
12
What is the remainder when 204 is divided by 71?
62
Calculate the remainder when 282 is divided by 57.
54
Calculate the remainder when 115 is divided by 8.
3
Calculate the remainder when 585 is divided by 76.
53
Calculate the remainder when 107 is divided by 16.
11
Calculate the remainder when 1082 is divided by 183.
167
What is the remainder when 277 is divided by 69?
1
What is the remainder when 189 is divided by 10?
9
What is the remainder when 2735 is divided by 33?
29
What is the remainder when 4107 is divided by 6?
3
Calculate the remainder when 695 is divided by 640.
55
Calculate the remainder when 1033 is divided by 275.
208
What is the remainder when 368 is divided by 187?
181
What is the remainder when 13773 is divided by 6?
3
Calculate the remainder when 3865 is divided by 108.
85
Calculate the remainder when 249 is divided by 42.
39
Calculate the remainder when 289 is divided by 29.
28
Calculate the remainder when 118 is divided by 10.
8
Calculate the remainder when 191 is divided by 4.
3
Calculate the remainder when 278 is divided by 5.
3
What is the remainder when 141 is divided by 12?
9
What is the remainder when 371 is divided by 347?
24
What is the remainder when 249 is divided by 26?
15
What is the remainder when 1337 is divided by 6?
5
Calculate the remainder when 178 is divided by 27.
16
Calculate the remainder when 3317 is divided by 79.
78
What is the remainder when 591 is divided by 92?
39
Calculate the remainder when 1352 is divided by 433.
53
What is the remainder when 822 is divided by 820?
2
Calculate the remainder when 1706 is divided by 96.
74
What is the remainder wh